{"id":223,"date":"2023-08-21T20:25:51","date_gmt":"2023-08-21T20:25:51","guid":{"rendered":"http:\/\/www.lyzkarstwo.pl\/?page_id=223"},"modified":"2023-10-30T17:42:58","modified_gmt":"2023-10-30T17:42:58","slug":"potrafia","status":"publish","type":"page","link":"https:\/\/www.lyzkarstwo.pl\/index.php\/potrafia\/","title":{"rendered":"POTRAFI\u0104&#8230;"},"content":{"rendered":"\n<p>Mimo tego, \u017ce wyr\u00f3b (bez u\u017cycia maszyn na pr\u0105d) \u0142y\u017cek i innych drobnych przedmiot\u00f3w z drewna nie jest ju\u017c spotykany powszechnie na \u0141emkowszczy\u017anie, wci\u0105\u017c istniej\u0105 osoby, kt\u00f3re potrafi\u0105 to robi\u0107. S\u0105 to m\u0119\u017cczy\u017ani g\u0142\u00f3wnie mieszkaj\u0105cy w Nowicy ale tak\u017ce w Kunkowej i Leszczynach. Na stronie zamieszczono ich kr\u00f3tkie i d\u0142u\u017csze biogramy niekiedy wraz z wywiadami, w kt\u00f3rych opowiadaj\u0105 o swoim rzemio\u015ble. Z racji tego, i\u017c wyr\u00f3b \u0142y\u017cek metod\u0105 maszynow\u0105 r\u00f3wnie\u017c zanika i jest w odwrocie dokonano stara\u0144 by i ten obszar dzia\u0142alno\u015bci pozarolniczej w\u015br\u00f3d \u0141emk\u00f3w i szerzej wsp\u00f3\u0142czesnych mieszka\u0144c\u00f3w \u0141emkowszczyzny udokumentowa\u0107. <\/p>\n\n\n\n<figure class=\"wp-block-image size-large\"><img loading=\"lazy\" decoding=\"async\" width=\"1024\" height=\"683\" src=\"https:\/\/www.lyzkarstwo.pl\/wp-content\/uploads\/2023\/10\/PM_N_20-1-1024x683.jpg\" alt=\"\" class=\"wp-image-947\" srcset=\"https:\/\/www.lyzkarstwo.pl\/wp-content\/uploads\/2023\/10\/PM_N_20-1-1024x683.jpg 1024w, https:\/\/www.lyzkarstwo.pl\/wp-content\/uploads\/2023\/10\/PM_N_20-1-300x200.jpg 300w, https:\/\/www.lyzkarstwo.pl\/wp-content\/uploads\/2023\/10\/PM_N_20-1-768x512.jpg 768w, https:\/\/www.lyzkarstwo.pl\/wp-content\/uploads\/2023\/10\/PM_N_20-1-1536x1024.jpg 1536w, https:\/\/www.lyzkarstwo.pl\/wp-content\/uploads\/2023\/10\/PM_N_20-1-2048x1365.jpg 2048w\" sizes=\"auto, (max-width: 1024px) 100vw, 1024px\" \/><\/figure>\n\n\n\n<p>Piotr Michniak z Nowicy podczas nauki robienia \u0142y\u017cki na tokarce sznurkowej (smykowej). <\/p>\n","protected":false},"excerpt":{"rendered":"<p>Mimo tego, \u017ce wyr\u00f3b (bez u\u017cycia maszyn na pr\u0105d) \u0142y\u017cek i innych drobnych przedmiot\u00f3w z drewna nie jest ju\u017c spotykany powszechnie na \u0141emkowszczy\u017anie, wci\u0105\u017c istniej\u0105 &hellip; <a href=\"https:\/\/www.lyzkarstwo.pl\/index.php\/potrafia\/\" class=\"more-link\"><span>czytaj dalej&#8230;<span class=\"screen-reader-text\">POTRAFI\u0104&#8230;<\/span><\/span><\/a><\/p>\n","protected":false},"author":1,"featured_media":943,"parent":0,"menu_order":0,"comment_status":"closed","ping_status":"closed","template":"","meta":{"footnotes":""},"class_list":["post-223","page","type-page","status-publish","has-post-thumbnail","hentry"],"_links":{"self":[{"href":"https:\/\/www.lyzkarstwo.pl\/index.php\/wp-json\/wp\/v2\/pages\/223","targetHints":{"allow":["GET"]}}],"collection":[{"href":"https:\/\/www.lyzkarstwo.pl\/index.php\/wp-json\/wp\/v2\/pages"}],"about":[{"href":"https:\/\/www.lyzkarstwo.pl\/index.php\/wp-json\/wp\/v2\/types\/page"}],"author":[{"embeddable":true,"href":"https:\/\/www.lyzkarstwo.pl\/index.php\/wp-json\/wp\/v2\/users\/1"}],"replies":[{"embeddable":true,"href":"https:\/\/www.lyzkarstwo.pl\/index.php\/wp-json\/wp\/v2\/comments?post=223"}],"version-history":[{"count":4,"href":"https:\/\/www.lyzkarstwo.pl\/index.php\/wp-json\/wp\/v2\/pages\/223\/revisions"}],"predecessor-version":[{"id":948,"href":"https:\/\/www.lyzkarstwo.pl\/index.php\/wp-json\/wp\/v2\/pages\/223\/revisions\/948"}],"wp:featuredmedia":[{"embeddable":true,"href":"https:\/\/www.lyzkarstwo.pl\/index.php\/wp-json\/wp\/v2\/media\/943"}],"wp:attachment":[{"href":"https:\/\/www.lyzkarstwo.pl\/index.php\/wp-json\/wp\/v2\/media?parent=223"}],"curies":[{"name":"wp","href":"https:\/\/api.w.org\/{rel}","templated":true}]}}