{"id":233,"date":"2023-08-21T20:40:59","date_gmt":"2023-08-21T20:40:59","guid":{"rendered":"http:\/\/www.lyzkarstwo.pl\/?post_type=ect-service&#038;p=233"},"modified":"2023-12-30T17:17:40","modified_gmt":"2023-12-30T17:17:40","slug":"jan-michniak","status":"publish","type":"ect-service","link":"https:\/\/www.lyzkarstwo.pl\/index.php\/service\/jan-michniak\/","title":{"rendered":"JAN MICHNIAK"},"content":{"rendered":"\n<p>Mieszkaniec Nowicy, syn <a href=\"https:\/\/www.lyzkarstwo.pl\/index.php\/2023\/11\/18\/lukasz-michniak\/\" target=\"_blank\" rel=\"noreferrer noopener\">\u0141ukasza Michniaka <\/a>(1919-2008) i Marii (1924-2011). Zar\u00f3wno jego ojciec i dziadek <a href=\"https:\/\/www.lyzkarstwo.pl\/index.php\/2023\/11\/04\/andrzej-michniak\/\" data-type=\"link\" data-id=\"https:\/\/www.lyzkarstwo.pl\/index.php\/2023\/11\/04\/andrzej-michniak\/\" target=\"_blank\" rel=\"noreferrer noopener\">Andrzej <\/a>(ur. 1889 w Nowicy) jak i stryjkowie  <a href=\"https:\/\/www.lyzkarstwo.pl\/index.php\/jan-michniak\/\" target=\"_blank\" rel=\"noreferrer noopener\">Jan<\/a> (1924-1998) i<a href=\"https:\/\/www.lyzkarstwo.pl\/index.php\/service\/dymitr-michniak\/\"> Dymitr<\/a> (ur.1934) zajmowali si\u0119 wyrobem drobnych przedmiot\u00f3w z drewna. Dzi\u0119ki zachowanemu wywiadowi z \u0141ukaszem Michniakiem z 18 listopada 1962 r. przeprowadzonemu przez Halin\u0119 Piaseck\u0105 z ramienia Uniwersytetu Marii Curie Sk\u0142odowskiej z Lublina [1], do kt\u00f3rego uda\u0142o mi dotrze\u0107 podczas kwerendy, dowiadujemy si\u0119, \u017ce w wieku 13 lat zacz\u0105\u0142 samodzielnie wyrabia\u0107 \u201edeszczu\u0142ki\u201d do krojenia mi\u0119sa, formy na mas\u0142o w kszta\u0142cie barank\u00f3w (popularne w okresie Wielkanocy) a tak\u017ce \u0142y\u017cki strugane: warszawskie i p\u00f3\u0142warszawskie.<\/p>\n\n\n\n<figure class=\"wp-block-image size-large\"><img loading=\"lazy\" decoding=\"async\" width=\"1024\" height=\"682\" src=\"https:\/\/www.lyzkarstwo.pl\/wp-content\/uploads\/2023\/12\/IMG_9127-1024x682.jpg\" alt=\"\" class=\"wp-image-1512\" srcset=\"https:\/\/www.lyzkarstwo.pl\/wp-content\/uploads\/2023\/12\/IMG_9127-1024x682.jpg 1024w, https:\/\/www.lyzkarstwo.pl\/wp-content\/uploads\/2023\/12\/IMG_9127-300x200.jpg 300w, https:\/\/www.lyzkarstwo.pl\/wp-content\/uploads\/2023\/12\/IMG_9127-768x512.jpg 768w, https:\/\/www.lyzkarstwo.pl\/wp-content\/uploads\/2023\/12\/IMG_9127-1536x1023.jpg 1536w, https:\/\/www.lyzkarstwo.pl\/wp-content\/uploads\/2023\/12\/IMG_9127.jpg 1828w\" sizes=\"auto, (max-width: 1024px) 100vw, 1024px\" \/><\/figure>\n\n\n\n<p>Jan Michniak, fot. Maciej Kud\u0142acik, Archiwum Nowica Przys\u0142up<\/p>\n\n\n\n<p>Jan Michniak jest jednym z nielicznych mieszka\u0144c\u00f3w wsi, kt\u00f3rzy potrafi\u0105 wyrabia\u0107 formy na mas\u0142o tzw. baranki, bardzo popularne w okresie wielkanocny, bez u\u017cycia maszyn. Przez wiele lat zajmowa\u0142 si\u0119 tym, podobnie jak i jego przodkowie ale te\u017c szwagier <a href=\"https:\/\/www.lyzkarstwo.pl\/index.php\/service\/artur-gazda\/\" data-type=\"link\" data-id=\"https:\/\/www.lyzkarstwo.pl\/index.php\/service\/artur-gazda\/\" target=\"_blank\" rel=\"noreferrer noopener\">Andrzej Gazda.<\/a><\/p>\n\n\n\n<figure class=\"wp-block-image size-large\"><img loading=\"lazy\" decoding=\"async\" width=\"1024\" height=\"500\" src=\"https:\/\/www.lyzkarstwo.pl\/wp-content\/uploads\/2023\/12\/3-1024x500.png\" alt=\"\" class=\"wp-image-1509\" srcset=\"https:\/\/www.lyzkarstwo.pl\/wp-content\/uploads\/2023\/12\/3-1024x500.png 1024w, https:\/\/www.lyzkarstwo.pl\/wp-content\/uploads\/2023\/12\/3-300x146.png 300w, https:\/\/www.lyzkarstwo.pl\/wp-content\/uploads\/2023\/12\/3-768x375.png 768w, https:\/\/www.lyzkarstwo.pl\/wp-content\/uploads\/2023\/12\/3-1536x750.png 1536w, https:\/\/www.lyzkarstwo.pl\/wp-content\/uploads\/2023\/12\/3.png 1842w\" sizes=\"auto, (max-width: 1024px) 100vw, 1024px\" \/><\/figure>\n\n\n\n<figure class=\"wp-block-image size-large\"><img loading=\"lazy\" decoding=\"async\" width=\"1024\" height=\"525\" src=\"https:\/\/www.lyzkarstwo.pl\/wp-content\/uploads\/2023\/12\/4-1024x525.png\" alt=\"\" class=\"wp-image-1510\" srcset=\"https:\/\/www.lyzkarstwo.pl\/wp-content\/uploads\/2023\/12\/4-1024x525.png 1024w, https:\/\/www.lyzkarstwo.pl\/wp-content\/uploads\/2023\/12\/4-300x154.png 300w, https:\/\/www.lyzkarstwo.pl\/wp-content\/uploads\/2023\/12\/4-768x394.png 768w, https:\/\/www.lyzkarstwo.pl\/wp-content\/uploads\/2023\/12\/4-1536x787.png 1536w, https:\/\/www.lyzkarstwo.pl\/wp-content\/uploads\/2023\/12\/4.png 1760w\" sizes=\"auto, (max-width: 1024px) 100vw, 1024px\" \/><\/figure>\n\n\n\n<figure class=\"wp-block-image size-large\"><img loading=\"lazy\" decoding=\"async\" width=\"1024\" height=\"497\" src=\"https:\/\/www.lyzkarstwo.pl\/wp-content\/uploads\/2023\/12\/5-1-1024x497.png\" alt=\"\" class=\"wp-image-1511\" srcset=\"https:\/\/www.lyzkarstwo.pl\/wp-content\/uploads\/2023\/12\/5-1-1024x497.png 1024w, https:\/\/www.lyzkarstwo.pl\/wp-content\/uploads\/2023\/12\/5-1-300x146.png 300w, https:\/\/www.lyzkarstwo.pl\/wp-content\/uploads\/2023\/12\/5-1-768x373.png 768w, https:\/\/www.lyzkarstwo.pl\/wp-content\/uploads\/2023\/12\/5-1-1536x746.png 1536w, https:\/\/www.lyzkarstwo.pl\/wp-content\/uploads\/2023\/12\/5-1.png 1847w\" sizes=\"auto, (max-width: 1024px) 100vw, 1024px\" \/><\/figure>\n\n\n\n<p>Obydwaj s\u0105 bohaterami filmu o produkcji drewnianych foremek na mas\u0142o &#8211; wspomnianych barank\u00f3w.<\/p>\n\n\n\n<figure class=\"wp-block-embed is-type-video is-provider-youtube wp-block-embed-youtube wp-embed-aspect-16-9 wp-has-aspect-ratio\"><div class=\"wp-block-embed__wrapper\">\n<iframe loading=\"lazy\" title=\"BARANKI film Reginy Pazdur\" width=\"1000\" height=\"563\" src=\"https:\/\/www.youtube.com\/embed\/3ebUjPKRL8E?start=310&#038;feature=oembed\" frameborder=\"0\" allow=\"accelerometer; autoplay; clipboard-write; encrypted-media; gyroscope; picture-in-picture; web-share\" allowfullscreen><\/iframe>\n<\/div><\/figure>\n\n\n\n<p>[1]Badania wykonywane by\u0142y pod kierunkiem profesora Romana Reinfussa z nieistniej\u0105cej dzi\u015b Katedry Etnografii i Etnologii Uniwersytetu Marii Curie Sk\u0142odowskiej w Lublinie. Przeprowadzane by\u0142y w Nowicy, Leszczynach i Kunkowej przez okres 1,5 miesi\u0105ca w terminie od maja 1962 r. do lutego 1966 r.<\/p>\n","protected":false},"excerpt":{"rendered":"<p>Mieszkaniec Nowicy, syn \u0141ukasza Michniaka (1919-2008) i Marii (1924-2011). Zar\u00f3wno jego ojciec i dziadek Andrzej (ur. 1889 w Nowicy) jak i stryjkowie Jan (1924-1998) i &hellip; <a href=\"https:\/\/www.lyzkarstwo.pl\/index.php\/service\/jan-michniak\/\" class=\"more-link\"><span>czytaj dalej&#8230;<span class=\"screen-reader-text\">JAN MICHNIAK<\/span><\/span><\/a><\/p>\n","protected":false},"author":1,"featured_media":234,"comment_status":"open","ping_status":"closed","template":"","ect-service-type":[],"ect-service-tag":[],"class_list":["post-233","ect-service","type-ect-service","status-publish","has-post-thumbnail","hentry"],"_links":{"self":[{"href":"https:\/\/www.lyzkarstwo.pl\/index.php\/wp-json\/wp\/v2\/ect-service\/233","targetHints":{"allow":["GET"]}}],"collection":[{"href":"https:\/\/www.lyzkarstwo.pl\/index.php\/wp-json\/wp\/v2\/ect-service"}],"about":[{"href":"https:\/\/www.lyzkarstwo.pl\/index.php\/wp-json\/wp\/v2\/types\/ect-service"}],"author":[{"embeddable":true,"href":"https:\/\/www.lyzkarstwo.pl\/index.php\/wp-json\/wp\/v2\/users\/1"}],"replies":[{"embeddable":true,"href":"https:\/\/www.lyzkarstwo.pl\/index.php\/wp-json\/wp\/v2\/comments?post=233"}],"wp:featuredmedia":[{"embeddable":true,"href":"https:\/\/www.lyzkarstwo.pl\/index.php\/wp-json\/wp\/v2\/media\/234"}],"wp:attachment":[{"href":"https:\/\/www.lyzkarstwo.pl\/index.php\/wp-json\/wp\/v2\/media?parent=233"}],"wp:term":[{"taxonomy":"ect-service-type","embeddable":true,"href":"https:\/\/www.lyzkarstwo.pl\/index.php\/wp-json\/wp\/v2\/ect-service-type?post=233"},{"taxonomy":"ect-service-tag","embeddable":true,"href":"https:\/\/www.lyzkarstwo.pl\/index.php\/wp-json\/wp\/v2\/ect-service-tag?post=233"}],"curies":[{"name":"wp","href":"https:\/\/api.w.org\/{rel}","templated":true}]}}

<p>Mieszkaniec Nowicy, syn <a href="https://www.lyzkarstwo.pl/index.php/2023/11/18/lukasz-michniak/" target="_blank" rel="noreferrer noopener">Łukasza Michniaka </a>(1919-2008) i Marii (1924-2011). Zarówno jego ojciec i dziadek <a href="https://www.lyzkarstwo.pl/index.php/2023/11/04/andrzej-michniak/" data-type="link" data-id="https://www.lyzkarstwo.pl/index.php/2023/11/04/andrzej-michniak/" target="_blank" rel="noreferrer noopener">Andrzej </a>(ur. 1889 w Nowicy) jak i stryjkowie  <a href="https://www.lyzkarstwo.pl/index.php/jan-michniak/" target="_blank" rel="noreferrer noopener">Jan</a> (1924-1998) i<a href="https://www.lyzkarstwo.pl/index.php/service/dymitr-michniak/"> Dymitr</a> (ur.1934) zajmowali się wyrobem drobnych przedmiotów z drewna. Dzięki zachowanemu wywiadowi z Łukaszem Michniakiem z 18 listopada 1962 r. przeprowadzonemu przez Halinę Piasecką z ramienia Uniwersytetu Marii Curie Skłodowskiej z Lublina [1], do którego udało mi dotrzeć podczas kwerendy, dowiadujemy się, że w wieku 13 lat zaczął samodzielnie wyrabiać „deszczułki” do krojenia mięsa, formy na masło w kształcie baranków (popularne w okresie Wielkanocy) a także łyżki strugane: warszawskie i półwarszawskie.</p>



<figure class="wp-block-image size-large"><img loading="lazy" decoding="async" width="1024" height="682" src="https://www.lyzkarstwo.pl/wp-content/uploads/2023/12/IMG_9127-1024x682.jpg" alt="" class="wp-image-1512" srcset="https://www.lyzkarstwo.pl/wp-content/uploads/2023/12/IMG_9127-1024x682.jpg 1024w, https://www.lyzkarstwo.pl/wp-content/uploads/2023/12/IMG_9127-300x200.jpg 300w, https://www.lyzkarstwo.pl/wp-content/uploads/2023/12/IMG_9127-768x512.jpg 768w, https://www.lyzkarstwo.pl/wp-content/uploads/2023/12/IMG_9127-1536x1023.jpg 1536w, https://www.lyzkarstwo.pl/wp-content/uploads/2023/12/IMG_9127.jpg 1828w" sizes="auto, (max-width: 1024px) 100vw, 1024px" /></figure>



<p>Jan Michniak, fot. Maciej Kudłacik, Archiwum Nowica Przysłup</p>



<p>Jan Michniak jest jednym z nielicznych mieszkańców wsi, którzy potrafią wyrabiać formy na masło tzw. baranki, bardzo popularne w okresie wielkanocny, bez użycia maszyn. Przez wiele lat zajmował się tym, podobnie jak i jego przodkowie ale też szwagier <a href="https://www.lyzkarstwo.pl/index.php/service/artur-gazda/" data-type="link" data-id="https://www.lyzkarstwo.pl/index.php/service/artur-gazda/" target="_blank" rel="noreferrer noopener">Andrzej Gazda.</a></p>



<figure class="wp-block-image size-large"><img loading="lazy" decoding="async" width="1024" height="500" src="https://www.lyzkarstwo.pl/wp-content/uploads/2023/12/3-1024x500.png" alt="" class="wp-image-1509" srcset="https://www.lyzkarstwo.pl/wp-content/uploads/2023/12/3-1024x500.png 1024w, https://www.lyzkarstwo.pl/wp-content/uploads/2023/12/3-300x146.png 300w, https://www.lyzkarstwo.pl/wp-content/uploads/2023/12/3-768x375.png 768w, https://www.lyzkarstwo.pl/wp-content/uploads/2023/12/3-1536x750.png 1536w, https://www.lyzkarstwo.pl/wp-content/uploads/2023/12/3.png 1842w" sizes="auto, (max-width: 1024px) 100vw, 1024px" /></figure>



<figure class="wp-block-image size-large"><img loading="lazy" decoding="async" width="1024" height="525" src="https://www.lyzkarstwo.pl/wp-content/uploads/2023/12/4-1024x525.png" alt="" class="wp-image-1510" srcset="https://www.lyzkarstwo.pl/wp-content/uploads/2023/12/4-1024x525.png 1024w, https://www.lyzkarstwo.pl/wp-content/uploads/2023/12/4-300x154.png 300w, https://www.lyzkarstwo.pl/wp-content/uploads/2023/12/4-768x394.png 768w, https://www.lyzkarstwo.pl/wp-content/uploads/2023/12/4-1536x787.png 1536w, https://www.lyzkarstwo.pl/wp-content/uploads/2023/12/4.png 1760w" sizes="auto, (max-width: 1024px) 100vw, 1024px" /></figure>



<figure class="wp-block-image size-large"><img loading="lazy" decoding="async" width="1024" height="497" src="https://www.lyzkarstwo.pl/wp-content/uploads/2023/12/5-1-1024x497.png" alt="" class="wp-image-1511" srcset="https://www.lyzkarstwo.pl/wp-content/uploads/2023/12/5-1-1024x497.png 1024w, https://www.lyzkarstwo.pl/wp-content/uploads/2023/12/5-1-300x146.png 300w, https://www.lyzkarstwo.pl/wp-content/uploads/2023/12/5-1-768x373.png 768w, https://www.lyzkarstwo.pl/wp-content/uploads/2023/12/5-1-1536x746.png 1536w, https://www.lyzkarstwo.pl/wp-content/uploads/2023/12/5-1.png 1847w" sizes="auto, (max-width: 1024px) 100vw, 1024px" /></figure>



<p>Obydwaj są bohaterami filmu o produkcji drewnianych foremek na masło &#8211; wspomnianych baranków.</p>



<figure class="wp-block-embed is-type-video is-provider-youtube wp-block-embed-youtube wp-embed-aspect-16-9 wp-has-aspect-ratio"><div class="wp-block-embed__wrapper">
<iframe loading="lazy" title="BARANKI film Reginy Pazdur" width="1000" height="563" src="https://www.youtube.com/embed/3ebUjPKRL8E?start=310&#038;feature=oembed" frameborder="0" allow="accelerometer; autoplay; clipboard-write; encrypted-media; gyroscope; picture-in-picture; web-share" allowfullscreen></iframe>
</div></figure>



<p>[1]Badania wykonywane były pod kierunkiem profesora Romana Reinfussa z nieistniejącej dziś Katedry Etnografii i Etnologii Uniwersytetu Marii Curie Skłodowskiej w Lublinie. Przeprowadzane były w Nowicy, Leszczynach i Kunkowej przez okres 1,5 miesiąca w terminie od maja 1962 r. do lutego 1966 r.</p>

<p>Mieszkaniec Nowicy, syn Łukasza Michniaka (1919-2008) i Marii (1924-2011). Zarówno jego ojciec i dziadek Andrzej (ur. 1889 w Nowicy) jak i stryjkowie Jan (1924-1998) i &hellip; <a href="https://www.lyzkarstwo.pl/index.php/service/jan-michniak/" class="more-link"><span>czytaj dalej&#8230;<span class="screen-reader-text">JAN MICHNIAK</span></span></a></p>
