{"id":1046,"date":"2023-11-13T15:03:25","date_gmt":"2023-11-13T15:03:25","guid":{"rendered":"https:\/\/www.lyzkarstwo.pl\/?post_type=ect-service&#038;p=1046"},"modified":"2023-12-18T22:05:21","modified_gmt":"2023-12-18T22:05:21","slug":"piotr-smereczniak","status":"publish","type":"ect-service","link":"https:\/\/www.lyzkarstwo.pl\/index.php\/service\/piotr-smereczniak\/","title":{"rendered":"PIOTR SMERECZNIAK"},"content":{"rendered":"\n<p>Piotr Smereczniak (ur. 1951), mieszkaniec Przys\u0142upia, syn Micha\u0142a, m\u0105\u017c Marii z d. Smereczniak. Rodzicami Marii Smereczniak z d. Smereczniak by\u0142a Tekla i Iwan (Jan), mia\u0142a ona r\u00f3wnie\u017c brata imieniem Micha\u0142.&nbsp;<\/p>\n\n\n\n<p>W czasach m\u0142odo\u015bci Piotr Smereczniak wyrabia\u0142 \u0142y\u017cki bez u\u017cycia maszyn, pr\u0105d do wsi doprowadzono bowiem dopiero w 1972 r.; pracowa\u0142 przy u\u017cyciu m.in. siekiery, o\u015bnika i kopaczki. Je\u015bli chodzi o budow\u0119 maszyn do wyrobu \u0142y\u017cek to ka\u017cdy wytw\u00f3rca robi\u0142 swoje w\u0142asne urz\u0105dzenia, ale bywa\u0142o, \u017ce jedni inspirowali si\u0119 innych rozwi\u0105zaniami i w ten spos\u00f3b udoskonali swoje w\u0142asne maszyny. Frezy by\u0142y na tyle r\u00f3\u017cne, \u017ce mo\u017cna by\u0142o rozpozna\u0107 (mimo pozornej jednakowo\u015bci wyrob\u00f3w) kto robi\u0142 dan\u0105 \u0142y\u017ck\u0119. Piotr Smereczniak posiada bardzo du\u017ce do\u015bwiadczenie w produkcji \u0142y\u017cek metod\u0105 maszynow\u0105. Pracowa\u0142 dla sp\u00f3\u0142dzielni Ryglice przez okres prawie 23 lat wykonuj\u0105c \u0142y\u017cki tzw. p\u00f3\u0142warszawskie i warszawskie z p\u0142askimi trzonkami, d\u0142ugie na 32 cm i 42 cm. Z czasem nazwy \u0142y\u017cek zmienia\u0142y si\u0119 (np. warszawskie zacz\u0119to nazywa\u0107 warzechami) i trudno dzi\u015b ustali\u0107 dok\u0142adn\u0105 dat\u0119 tych zmian. Osoby zatrudnione na etat zobowi\u0105zane by\u0142y do wyrobu ok. 1000 \u2013 1200 sztuk \u0142y\u017cek miesi\u0119cznie. Przy czym w okresie letnim przewa\u017cnie jedynie si\u0119 czy\u015bci\u0142o \u0142y\u017cki papierem, \u017ceby by\u0142y g\u0142adkie a jesieni\u0105 i zim\u0105 trwa\u0142a w\u0142a\u015bciwa produkcja. Opr\u00f3cz produkcji wyrob\u00f3w z drewna zajmowa\u0142 si\u0119 rolnictwem; gospodarzy po dzi\u015b dzie\u0144, razem z \u017con\u0105 i c\u00f3rk\u0105 Bogus\u0142aw\u0105. Bogus\u0142awa Smereczniak jest znan\u0105 \u0142emkowsk\u0105 pisankark\u0105, kt\u00f3ra bra\u0142a udzia\u0142 w programie MKiDN \u201eMistrz tradycji\u201d, ozdabia wydmuszki tradycyjn\u0105 technik\u0105 batikow\u0105.<\/p>\n\n\n\n<p>Piotr Smereczniak aktualnie nie produkuje ju\u017c \u0142y\u017cek. Do ich wyrobu u\u017cywa\u0142 g\u0142\u00f3wnie drewna bukowego i jaworowego. \u0141y\u017cki z drzewa jaworowego by\u0142y wprawdzie l\u017cejsze ale s\u0142absze i zmienia\u0142y kolor w kontakcie z wod\u0105 co powodowa\u0142o, i\u017c nie mia\u0142y takiego wzi\u0119cia jak te bukowe.<\/p>\n\n\n\n<p>Ojciec i brat \u017cony Piotra Smereczniaka Marii \u2013 Jan i Piotr Smereczniak (sic) r\u00f3wnie\u017c wyrabiali \u0142y\u017cki z dziada pradziada. Podczas kwerendy uda\u0142o mi si\u0119 dotrze\u0107 do wywiadu z Janem Smereczniakiem (ur. 1912 r.) przeprowadzonym przez Mari\u0119 Grybel z ramienia Uniwersytetu Marii Curie Sk\u0142odowskiej w 1962 r. Dowiadujemy si\u0119\u00a0 z niego, \u017ce zar\u00f3wno jego dziadek jak i ojciec wyrabiali \u0142y\u017cki, wykonywano je g\u0142\u00f3wnie z drewna jaworowego i bukowego. Bywa\u0142o, \u017ce \u201eza drzewem bukowym chodzono do \u017begiestowa i Weso\u0142ej\u201d. Dziadkowie jego wspominali, \u017ce sprzedawali swoje towary na S\u0142owacji (\u201echodzili na S\u0142owaki\u201d). W wywiadzie opowiada o dok\u0142adnej produkcji r\u0119cznej \u0142y\u017cek, sam wykonuje jedynie \u0142y\u017cki \u201ewyrzynane\u201d, korzystaj\u0105c przy tym z <em>dziada<\/em> (kobylicy). Wymienia nast\u0119puj\u0105ce przedmioty drewniane wyrabianych w tamtym czasie we wsi: gonty, \u0142y\u017cki, wrzeciona i cebrzyki. Te ostatnie wyrabiano g\u0142\u00f3wnie na w\u0142asny u\u017cytek.<\/p>\n\n\n","protected":false},"excerpt":{"rendered":"<p>Piotr Smereczniak (ur. 1951), mieszkaniec Przys\u0142upia, syn Micha\u0142a, m\u0105\u017c Marii z d. Smereczniak. Rodzicami Marii Smereczniak z d. Smereczniak by\u0142a Tekla i Iwan (Jan), mia\u0142a &hellip; <a href=\"https:\/\/www.lyzkarstwo.pl\/index.php\/service\/piotr-smereczniak\/\" class=\"more-link\"><span>czytaj dalej&#8230;<span class=\"screen-reader-text\">PIOTR SMERECZNIAK<\/span><\/span><\/a><\/p>\n","protected":false},"author":1,"featured_media":1047,"comment_status":"closed","ping_status":"closed","template":"","ect-service-type":[],"ect-service-tag":[],"class_list":["post-1046","ect-service","type-ect-service","status-publish","has-post-thumbnail","hentry"],"_links":{"self":[{"href":"https:\/\/www.lyzkarstwo.pl\/index.php\/wp-json\/wp\/v2\/ect-service\/1046","targetHints":{"allow":["GET"]}}],"collection":[{"href":"https:\/\/www.lyzkarstwo.pl\/index.php\/wp-json\/wp\/v2\/ect-service"}],"about":[{"href":"https:\/\/www.lyzkarstwo.pl\/index.php\/wp-json\/wp\/v2\/types\/ect-service"}],"author":[{"embeddable":true,"href":"https:\/\/www.lyzkarstwo.pl\/index.php\/wp-json\/wp\/v2\/users\/1"}],"replies":[{"embeddable":true,"href":"https:\/\/www.lyzkarstwo.pl\/index.php\/wp-json\/wp\/v2\/comments?post=1046"}],"wp:featuredmedia":[{"embeddable":true,"href":"https:\/\/www.lyzkarstwo.pl\/index.php\/wp-json\/wp\/v2\/media\/1047"}],"wp:attachment":[{"href":"https:\/\/www.lyzkarstwo.pl\/index.php\/wp-json\/wp\/v2\/media?parent=1046"}],"wp:term":[{"taxonomy":"ect-service-type","embeddable":true,"href":"https:\/\/www.lyzkarstwo.pl\/index.php\/wp-json\/wp\/v2\/ect-service-type?post=1046"},{"taxonomy":"ect-service-tag","embeddable":true,"href":"https:\/\/www.lyzkarstwo.pl\/index.php\/wp-json\/wp\/v2\/ect-service-tag?post=1046"}],"curies":[{"name":"wp","href":"https:\/\/api.w.org\/{rel}","templated":true}]}}

<p>Piotr Smereczniak (ur. 1951), mieszkaniec Przysłupia, syn Michała, mąż Marii z d. Smereczniak. Rodzicami Marii Smereczniak z d. Smereczniak była Tekla i Iwan (Jan), miała ona również brata imieniem Michał.&nbsp;</p>



<p>W czasach młodości Piotr Smereczniak wyrabiał łyżki bez użycia maszyn, prąd do wsi doprowadzono bowiem dopiero w 1972 r.; pracował przy użyciu m.in. siekiery, ośnika i kopaczki. Jeśli chodzi o budowę maszyn do wyrobu łyżek to każdy wytwórca robił swoje własne urządzenia, ale bywało, że jedni inspirowali się innych rozwiązaniami i w ten sposób udoskonali swoje własne maszyny. Frezy były na tyle różne, że można było rozpoznać (mimo pozornej jednakowości wyrobów) kto robił daną łyżkę. Piotr Smereczniak posiada bardzo duże doświadczenie w produkcji łyżek metodą maszynową. Pracował dla spółdzielni Ryglice przez okres prawie 23 lat wykonując łyżki tzw. półwarszawskie i warszawskie z płaskimi trzonkami, długie na 32 cm i 42 cm. Z czasem nazwy łyżek zmieniały się (np. warszawskie zaczęto nazywać warzechami) i trudno dziś ustalić dokładną datę tych zmian. Osoby zatrudnione na etat zobowiązane były do wyrobu ok. 1000 – 1200 sztuk łyżek miesięcznie. Przy czym w okresie letnim przeważnie jedynie się czyściło łyżki papierem, żeby były gładkie a jesienią i zimą trwała właściwa produkcja. Oprócz produkcji wyrobów z drewna zajmował się rolnictwem; gospodarzy po dziś dzień, razem z żoną i córką Bogusławą. Bogusława Smereczniak jest znaną łemkowską pisankarką, która brała udział w programie MKiDN „Mistrz tradycji”, ozdabia wydmuszki tradycyjną techniką batikową.</p>



<p>Piotr Smereczniak aktualnie nie produkuje już łyżek. Do ich wyrobu używał głównie drewna bukowego i jaworowego. Łyżki z drzewa jaworowego były wprawdzie lżejsze ale słabsze i zmieniały kolor w kontakcie z wodą co powodowało, iż nie miały takiego wzięcia jak te bukowe.</p>



<p>Ojciec i brat żony Piotra Smereczniaka Marii – Jan i Piotr Smereczniak (sic) również wyrabiali łyżki z dziada pradziada. Podczas kwerendy udało mi się dotrzeć do wywiadu z Janem Smereczniakiem (ur. 1912 r.) przeprowadzonym przez Marię Grybel z ramienia Uniwersytetu Marii Curie Skłodowskiej w 1962 r. Dowiadujemy się  z niego, że zarówno jego dziadek jak i ojciec wyrabiali łyżki, wykonywano je głównie z drewna jaworowego i bukowego. Bywało, że „za drzewem bukowym chodzono do Żegiestowa i Wesołej”. Dziadkowie jego wspominali, że sprzedawali swoje towary na Słowacji („chodzili na Słowaki”). W wywiadzie opowiada o dokładnej produkcji ręcznej łyżek, sam wykonuje jedynie łyżki „wyrzynane”, korzystając przy tym z <em>dziada</em> (kobylicy). Wymienia następujące przedmioty drewniane wyrabianych w tamtym czasie we wsi: gonty, łyżki, wrzeciona i cebrzyki. Te ostatnie wyrabiano głównie na własny użytek.</p>

<p>Piotr Smereczniak (ur. 1951), mieszkaniec Przysłupia, syn Michała, mąż Marii z d. Smereczniak. Rodzicami Marii Smereczniak z d. Smereczniak była Tekla i Iwan (Jan), miała &hellip; <a href="https://www.lyzkarstwo.pl/index.php/service/piotr-smereczniak/" class="more-link"><span>czytaj dalej&#8230;<span class="screen-reader-text">PIOTR SMERECZNIAK</span></span></a></p>
